{"id":3205,"date":"2024-01-26T00:23:03","date_gmt":"2024-01-25T23:23:03","guid":{"rendered":"https:\/\/www.superkolesa.sk\/?post_type=product&#038;p=3205"},"modified":"2024-01-26T00:23:03","modified_gmt":"2024-01-25T23:23:03","slug":"diamond-silver-5x112-7jx17-et-49-205-50-r17","status":"publish","type":"product","link":"https:\/\/www.superkolesa.sk\/index.php\/product\/diamond-silver-5x112-7jx17-et-49-205-50-r17\/","title":{"rendered":"DIAMOND silver 5&#215;112 7jx17 ET 49 205 50 R17"},"content":{"rendered":"","protected":false},"excerpt":{"rendered":"<p>DIAMOND silver Brig. SEAT LEON FR<span class=\"Apple-converted-space\">\u00a0<\/span><\/p>\n<p>5&#215;112 7jx17 ET 49 205 50 R17 <span class=\"Apple-converted-space\">\u00a0<\/span><\/p>\n<p>Cislo dielu:5F0601025T<\/p>\n<p>2&#215;6 mm 2x5mm<span class=\"Apple-converted-space\">\u00a0<\/span><\/p>\n<p>205 50 17 celoro\u010dn\u00e9<span class=\"Apple-converted-space\">\u00a0<\/span><\/p>\n<p>Vhodn\u00e9<span class=\"Apple-converted-space\">\u00a0<\/span><\/p>\n<p>SKODA Octavia <span class=\"Apple-converted-space\">\u00a0<\/span><\/p>\n<p>Superb<\/p>\n<p>Yeti<span class=\"Apple-converted-space\">\u00a0<\/span><\/p>\n<p>VW Golf Sportvan<span class=\"Apple-converted-space\">\u00a0 <\/span>Golf Plus<span class=\"Apple-converted-space\">\u00a0 <\/span>Passat Touran<span class=\"Apple-converted-space\">\u00a0<\/span><\/p>\n<p>Seat Leon Toledo Altea<span class=\"Apple-converted-space\">\u00a0<\/span><\/p>\n<p><span class=\"Apple-converted-space\">\u00a0<\/span>Audi A3<\/p>\n<p>Mo\u017enos\u0165 posla\u0165 dobierkou , cena dobierky +45\u20ac<span class=\"Apple-converted-space\">\u00a0<\/span><\/p>\n<p>Cena 530\u20ac<\/p>\n","protected":false},"featured_media":3206,"comment_status":"open","ping_status":"closed","template":"","meta":[],"product_cat":[61,55,54,52,53],"product_tag":[],"class_list":{"0":"post-3205","1":"product","2":"type-product","3":"status-publish","4":"has-post-thumbnail","6":"product_cat-61","7":"product_cat-audi","8":"product_cat-seat","9":"product_cat-skoda","10":"product_cat-vw","12":"first","13":"instock","14":"sale","15":"shipping-taxable","16":"purchasable","17":"product-type-simple"},"_links":{"self":[{"href":"https:\/\/www.superkolesa.sk\/index.php\/wp-json\/wp\/v2\/product\/3205","targetHints":{"allow":["GET"]}}],"collection":[{"href":"https:\/\/www.superkolesa.sk\/index.php\/wp-json\/wp\/v2\/product"}],"about":[{"href":"https:\/\/www.superkolesa.sk\/index.php\/wp-json\/wp\/v2\/types\/product"}],"replies":[{"embeddable":true,"href":"https:\/\/www.superkolesa.sk\/index.php\/wp-json\/wp\/v2\/comments?post=3205"}],"wp:featuredmedia":[{"embeddable":true,"href":"https:\/\/www.superkolesa.sk\/index.php\/wp-json\/wp\/v2\/media\/3206"}],"wp:attachment":[{"href":"https:\/\/www.superkolesa.sk\/index.php\/wp-json\/wp\/v2\/media?parent=3205"}],"wp:term":[{"taxonomy":"product_cat","embeddable":true,"href":"https:\/\/www.superkolesa.sk\/index.php\/wp-json\/wp\/v2\/product_cat?post=3205"},{"taxonomy":"product_tag","embeddable":true,"href":"https:\/\/www.superkolesa.sk\/index.php\/wp-json\/wp\/v2\/product_tag?post=3205"}],"curies":[{"name":"wp","href":"https:\/\/api.w.org\/{rel}","templated":true}]}}