{"id":3767,"date":"2024-03-20T21:27:16","date_gmt":"2024-03-20T20:27:16","guid":{"rendered":"https:\/\/www.superkolesa.sk\/?post_type=product&#038;p=3767"},"modified":"2024-03-20T21:27:17","modified_gmt":"2024-03-20T20:27:17","slug":"cadiz-org-vw-passat-5x112-75x18-et-49-vw-seat-skoda","status":"publish","type":"product","link":"https:\/\/www.superkolesa.sk\/index.php\/product\/cadiz-org-vw-passat-5x112-75x18-et-49-vw-seat-skoda\/","title":{"rendered":"CADIZ  org. VW Passat 5&#215;112  7,5&#215;18 ET 49  VW Seat Skoda"},"content":{"rendered":"","protected":false},"excerpt":{"rendered":"<p>Cena 830\u20ac<\/p>\n<p><span class=\"Apple-converted-space\">\u00a0<\/span>CADIZ<span class=\"Apple-converted-space\">\u00a0 <\/span><b>org. VW Passat GOLF Touran<span class=\"Apple-converted-space\">\u00a0<\/span><\/b><\/p>\n<p><b><span class=\"Apple-converted-space\">\u00a0<\/span>5&#215;112 <span class=\"Apple-converted-space\">\u00a0<\/span><\/b><\/p>\n<p><b>7,5&#215;18 ET 49<span class=\"Apple-converted-space\">\u00a0<\/span><\/b><\/p>\n<p><b>Pneu 2x8mm 2x6mm letn\u00e9 225 40 R18<span class=\"Apple-converted-space\">\u00a0<\/span><\/b><\/p>\n<p>vhodn\u00e9 pre Skoda,Octavia Yeti Superb<span class=\"Apple-converted-space\">\u00a0<\/span><\/p>\n<p>Seat Altea Leon Toledo Ateca<span class=\"Apple-converted-space\">\u00a0<\/span><\/p>\n<p>Audi A2 A3<span class=\"Apple-converted-space\">\u00a0<\/span><\/p>\n<p>mo\u017enos\u0165 aj posla\u0165 na dobierku.cena dobierky +50\u20ac<span class=\"Apple-converted-space\">\u00a0<\/span><\/p>\n<p><b>POZRI V\u0160ETKY MOJE INZERATY A\u00a0HODNOTENIA V\u00a0PRAVO DOLE<span class=\"Apple-converted-space\">\u00a0<\/span><\/b><\/p>\n<p><b>Alebo daj do vyh\u013eadava\u010da Bazo\u0161u moje tel. \u010d. a\u00a0uk\u00e1\u017ee v\u0161etky moje ponuky.<\/b><\/p>\n<p><b>830<\/b>\u20ac<\/p>\n","protected":false},"featured_media":3768,"comment_status":"open","ping_status":"closed","template":"","meta":[],"product_cat":[62,54,52,53],"product_tag":[],"class_list":{"0":"post-3767","1":"product","2":"type-product","3":"status-publish","4":"has-post-thumbnail","6":"product_cat-62","7":"product_cat-seat","8":"product_cat-skoda","9":"product_cat-vw","11":"first","12":"instock","13":"sale","14":"shipping-taxable","15":"purchasable","16":"product-type-simple"},"_links":{"self":[{"href":"https:\/\/www.superkolesa.sk\/index.php\/wp-json\/wp\/v2\/product\/3767","targetHints":{"allow":["GET"]}}],"collection":[{"href":"https:\/\/www.superkolesa.sk\/index.php\/wp-json\/wp\/v2\/product"}],"about":[{"href":"https:\/\/www.superkolesa.sk\/index.php\/wp-json\/wp\/v2\/types\/product"}],"replies":[{"embeddable":true,"href":"https:\/\/www.superkolesa.sk\/index.php\/wp-json\/wp\/v2\/comments?post=3767"}],"wp:featuredmedia":[{"embeddable":true,"href":"https:\/\/www.superkolesa.sk\/index.php\/wp-json\/wp\/v2\/media\/3768"}],"wp:attachment":[{"href":"https:\/\/www.superkolesa.sk\/index.php\/wp-json\/wp\/v2\/media?parent=3767"}],"wp:term":[{"taxonomy":"product_cat","embeddable":true,"href":"https:\/\/www.superkolesa.sk\/index.php\/wp-json\/wp\/v2\/product_cat?post=3767"},{"taxonomy":"product_tag","embeddable":true,"href":"https:\/\/www.superkolesa.sk\/index.php\/wp-json\/wp\/v2\/product_tag?post=3767"}],"curies":[{"name":"wp","href":"https:\/\/api.w.org\/{rel}","templated":true}]}}