{"id":4157,"date":"2024-04-05T22:20:05","date_gmt":"2024-04-05T20:20:05","guid":{"rendered":"https:\/\/www.superkolesa.sk\/?post_type=product&#038;p=4157"},"modified":"2024-04-05T22:20:05","modified_gmt":"2024-04-05T20:20:05","slug":"pegasus-orig-skoda-alu-disky-17-5x112-225-45-r17-skoda-superb-octavia-touran-audi-vw","status":"publish","type":"product","link":"https:\/\/www.superkolesa.sk\/index.php\/product\/pegasus-orig-skoda-alu-disky-17-5x112-225-45-r17-skoda-superb-octavia-touran-audi-vw\/","title":{"rendered":"PEGASUS Orig. skoda alu disky 17 5&#215;112  225 45 R17 Skoda Superb octavia touran audi VW"},"content":{"rendered":"","protected":false},"excerpt":{"rendered":"<p><b>Cena 330\u20ac<\/b><\/p>\n<p>PEGASUS <span class=\"Apple-converted-space\">\u00a0 <\/span>origin\u00e1 \u0161koda elektrony<\/p>\n<p>7Jx17<span class=\"Apple-converted-space\">\u00a0 <\/span>ET 54<\/p>\n<p>5&#215;112<br \/>\nVhodn\u00e9 Octavia II,Superb,VW, Seat Audi<\/p>\n<p>Pneu 2x5mm 2x3mm letn\u00e9<span class=\"Apple-converted-space\">\u00a0 <\/span>225 45 R17<span class=\"Apple-converted-space\">\u00a0<\/span><\/p>\n<p>Mo\u017enos\u0165 posla\u0165 dobierkov.<\/p>\n<p>Pozri v\u0161etky moje inzer\u00e1ty a\u00a0hodnotenia<\/p>\n<p>Alebo daj do vyh\u013ead\u00e1va\u010da moje tel. \u010d\u00edslo a uk\u00e1\u017ee moje aktu\u00e1lne ponuky<\/p>\n<p>330\u20ac<\/p>\n","protected":false},"featured_media":4158,"comment_status":"open","ping_status":"closed","template":"","meta":[],"product_cat":[61,54,52,53],"product_tag":[],"class_list":{"0":"post-4157","1":"product","2":"type-product","3":"status-publish","4":"has-post-thumbnail","6":"product_cat-61","7":"product_cat-seat","8":"product_cat-skoda","9":"product_cat-vw","11":"first","12":"instock","13":"shipping-taxable","14":"purchasable","15":"product-type-simple"},"_links":{"self":[{"href":"https:\/\/www.superkolesa.sk\/index.php\/wp-json\/wp\/v2\/product\/4157","targetHints":{"allow":["GET"]}}],"collection":[{"href":"https:\/\/www.superkolesa.sk\/index.php\/wp-json\/wp\/v2\/product"}],"about":[{"href":"https:\/\/www.superkolesa.sk\/index.php\/wp-json\/wp\/v2\/types\/product"}],"replies":[{"embeddable":true,"href":"https:\/\/www.superkolesa.sk\/index.php\/wp-json\/wp\/v2\/comments?post=4157"}],"wp:featuredmedia":[{"embeddable":true,"href":"https:\/\/www.superkolesa.sk\/index.php\/wp-json\/wp\/v2\/media\/4158"}],"wp:attachment":[{"href":"https:\/\/www.superkolesa.sk\/index.php\/wp-json\/wp\/v2\/media?parent=4157"}],"wp:term":[{"taxonomy":"product_cat","embeddable":true,"href":"https:\/\/www.superkolesa.sk\/index.php\/wp-json\/wp\/v2\/product_cat?post=4157"},{"taxonomy":"product_tag","embeddable":true,"href":"https:\/\/www.superkolesa.sk\/index.php\/wp-json\/wp\/v2\/product_tag?post=4157"}],"curies":[{"name":"wp","href":"https:\/\/api.w.org\/{rel}","templated":true}]}}