{"id":4870,"date":"2024-08-09T19:21:23","date_gmt":"2024-08-09T17:21:23","guid":{"rendered":"https:\/\/www.superkolesa.sk\/?post_type=product&#038;p=4870"},"modified":"2024-08-09T19:21:23","modified_gmt":"2024-08-09T17:21:23","slug":"vega-orig-skoda-kodiaq-5x112-8j-x-r20-et-41-vw-235-45-r20","status":"publish","type":"product","link":"https:\/\/www.superkolesa.sk\/index.php\/product\/vega-orig-skoda-kodiaq-5x112-8j-x-r20-et-41-vw-235-45-r20\/","title":{"rendered":"VEGA  orig.skoda Kodiaq  5&#215;112  8j x R20   ET 41 VW 235 45 R20"},"content":{"rendered":"","protected":false},"excerpt":{"rendered":"<p><b>AKCIA teraz<span class=\"Apple-converted-space\">\u00a0 <\/span>cena 1280\u20ac<\/b><\/p>\n<p><b>VEGA<span class=\"Apple-converted-space\">\u00a0 <\/span>orig.skoda Kodiaq <span class=\"Apple-converted-space\">\u00a0<\/span><\/b><\/p>\n<p><b>5&#215;112 <span class=\"Apple-converted-space\">\u00a0<\/span><\/b><\/p>\n<p><b>8j x R20<span class=\"Apple-converted-space\">\u00a0 <\/span>ET 41<span class=\"Apple-converted-space\">\u00a0<\/span><\/b><\/p>\n<p><b>Pneu 235 45 R20<\/b><\/p>\n<p><b>2x 6mm 2&#215;4 mm. Letn\u00e9<\/b><\/p>\n<p><b>Stredov\u00e1 diera 57,1mm<span class=\"Apple-converted-space\">\u00a0<\/span><\/b><\/p>\n<p><b>vhodn\u00e9 pre Skoda, TARRACO AUDI Q3<\/b><\/p>\n<p><b>SUPERB PASSAT Kodiaq<span class=\"Apple-converted-space\">\u00a0<\/span><\/b><\/p>\n<p><b>SPORTLINE<span class=\"Apple-converted-space\">\u00a0<\/span><\/b><\/p>\n<p><b>mo\u017enos\u0165 aj posla\u0165 na dobierku.cena za kuriera +50\u20ac<span class=\"Apple-converted-space\">\u00a0<\/span><\/b><\/p>\n<p><b>POZRI V\u0160ETKY MOJE INZERATY A HODNOTENIA V PRAVO DOLE<\/b><\/p>\n<p><b>Alebo daj do vyh\u013eadava\u010da Bazo\u0161u moje tel. \u010d. a uk\u00e1\u017ee v\u0161etky moje ponuky.<\/b><\/p>\n<p><b>Ba\u017en\u00e1 cena 1500\u20ac<span class=\"Apple-converted-space\">\u00a0<\/span><\/b><\/p>\n<p><b>AKCIA teraz<span class=\"Apple-converted-space\">\u00a0 <\/span>cena 1280\u20ac<span class=\"Apple-converted-space\">\u00a0<\/span><\/b><\/p>\n","protected":false},"featured_media":4871,"comment_status":"open","ping_status":"closed","template":"","meta":[],"product_cat":[68,54,52,53],"product_tag":[],"class_list":{"0":"post-4870","1":"product","2":"type-product","3":"status-publish","4":"has-post-thumbnail","6":"product_cat-68","7":"product_cat-seat","8":"product_cat-skoda","9":"product_cat-vw","11":"first","12":"instock","13":"sale","14":"shipping-taxable","15":"purchasable","16":"product-type-simple"},"_links":{"self":[{"href":"https:\/\/www.superkolesa.sk\/index.php\/wp-json\/wp\/v2\/product\/4870","targetHints":{"allow":["GET"]}}],"collection":[{"href":"https:\/\/www.superkolesa.sk\/index.php\/wp-json\/wp\/v2\/product"}],"about":[{"href":"https:\/\/www.superkolesa.sk\/index.php\/wp-json\/wp\/v2\/types\/product"}],"replies":[{"embeddable":true,"href":"https:\/\/www.superkolesa.sk\/index.php\/wp-json\/wp\/v2\/comments?post=4870"}],"wp:featuredmedia":[{"embeddable":true,"href":"https:\/\/www.superkolesa.sk\/index.php\/wp-json\/wp\/v2\/media\/4871"}],"wp:attachment":[{"href":"https:\/\/www.superkolesa.sk\/index.php\/wp-json\/wp\/v2\/media?parent=4870"}],"wp:term":[{"taxonomy":"product_cat","embeddable":true,"href":"https:\/\/www.superkolesa.sk\/index.php\/wp-json\/wp\/v2\/product_cat?post=4870"},{"taxonomy":"product_tag","embeddable":true,"href":"https:\/\/www.superkolesa.sk\/index.php\/wp-json\/wp\/v2\/product_tag?post=4870"}],"curies":[{"name":"wp","href":"https:\/\/api.w.org\/{rel}","templated":true}]}}