{"id":5202,"date":"2024-10-16T23:47:27","date_gmt":"2024-10-16T21:47:27","guid":{"rendered":"https:\/\/www.superkolesa.sk\/?post_type=product&#038;p=5202"},"modified":"2024-10-16T23:47:27","modified_gmt":"2024-10-16T21:47:27","slug":"spectrum-orig-skoda-alu-disky-5x112-et45-215-60-r16-zimne","status":"publish","type":"product","link":"https:\/\/www.superkolesa.sk\/index.php\/product\/spectrum-orig-skoda-alu-disky-5x112-et45-215-60-r16-zimne\/","title":{"rendered":"SPECTRUM Orig.skoda Alu Disky 5&#215;112 ET45\u00a0215 60 R16 Zimn\u00e9"},"content":{"rendered":"","protected":false},"excerpt":{"rendered":"<p><b>Cena 530\u20ac<\/b><\/p>\n<p>SPECTRUM<span class=\"Apple-converted-space\">\u00a0<\/span><\/p>\n<p><b>Orig.skoda Alu disky<span class=\"Apple-converted-space\">\u00a0<\/span><\/b><\/p>\n<p>7jx r16 <span class=\"Apple-converted-space\">\u00a0 <\/span>ET 45<\/p>\n<p>Pneu <b>215 60 R16 Zimn\u00e9<span class=\"Apple-converted-space\">\u00a0<\/span><\/b><\/p>\n<p>4x 7mm <b>Zimn\u00e9<\/b><br \/>\nVhodn\u00e9 pre<span class=\"Apple-converted-space\">\u00a0<\/span><\/p>\n<p>Skoda Octavia YETI SUPERB<span class=\"Apple-converted-space\">\u00a0<\/span><\/p>\n<p>VW Golf Touran Passat Sportswan Golf Plus Sharan<span class=\"Apple-converted-space\">\u00a0<\/span><\/p>\n<p>Seat Leon Toledo Altea Alhambra<span class=\"Apple-converted-space\">\u00a0 <\/span>ATECA<\/p>\n<p>Audi A3 A4<span class=\"Apple-converted-space\">\u00a0<\/span><\/p>\n<p>Mo\u017enos\u0165 posla\u0165 aj na dobierku cena dobierky +50\u20ac<span class=\"Apple-converted-space\">\u00a0<\/span><\/p>\n<p>Cena 530\u20ac<\/p>\n","protected":false},"featured_media":5203,"comment_status":"open","ping_status":"closed","template":"","meta":[],"product_cat":[60,54,52,53],"product_tag":[],"class_list":{"0":"post-5202","1":"product","2":"type-product","3":"status-publish","4":"has-post-thumbnail","6":"product_cat-60","7":"product_cat-seat","8":"product_cat-skoda","9":"product_cat-vw","11":"first","12":"instock","13":"shipping-taxable","14":"purchasable","15":"product-type-simple"},"_links":{"self":[{"href":"https:\/\/www.superkolesa.sk\/index.php\/wp-json\/wp\/v2\/product\/5202","targetHints":{"allow":["GET"]}}],"collection":[{"href":"https:\/\/www.superkolesa.sk\/index.php\/wp-json\/wp\/v2\/product"}],"about":[{"href":"https:\/\/www.superkolesa.sk\/index.php\/wp-json\/wp\/v2\/types\/product"}],"replies":[{"embeddable":true,"href":"https:\/\/www.superkolesa.sk\/index.php\/wp-json\/wp\/v2\/comments?post=5202"}],"wp:featuredmedia":[{"embeddable":true,"href":"https:\/\/www.superkolesa.sk\/index.php\/wp-json\/wp\/v2\/media\/5203"}],"wp:attachment":[{"href":"https:\/\/www.superkolesa.sk\/index.php\/wp-json\/wp\/v2\/media?parent=5202"}],"wp:term":[{"taxonomy":"product_cat","embeddable":true,"href":"https:\/\/www.superkolesa.sk\/index.php\/wp-json\/wp\/v2\/product_cat?post=5202"},{"taxonomy":"product_tag","embeddable":true,"href":"https:\/\/www.superkolesa.sk\/index.php\/wp-json\/wp\/v2\/product_tag?post=5202"}],"curies":[{"name":"wp","href":"https:\/\/api.w.org\/{rel}","templated":true}]}}