{"id":5462,"date":"2024-10-30T19:29:54","date_gmt":"2024-10-30T18:29:54","guid":{"rendered":"https:\/\/www.superkolesa.sk\/?post_type=product&#038;p=5462"},"modified":"2024-10-30T19:29:54","modified_gmt":"2024-10-30T18:29:54","slug":"nanuq-origina-skoda-alu-disky-z-octvia-iv-215-55-r17","status":"publish","type":"product","link":"https:\/\/www.superkolesa.sk\/index.php\/product\/nanuq-origina-skoda-alu-disky-z-octvia-iv-215-55-r17\/","title":{"rendered":"NANUQ   origin\u00e1 \u0161koda alu disky z Octvia IV 215 55 R17"},"content":{"rendered":"","protected":false},"excerpt":{"rendered":"<p>Cena 650\u20ac. 13300K\u010d<span class=\"Apple-converted-space\">\u00a0<\/span><\/p>\n<p><b>NANUQ<span class=\"Apple-converted-space\">\u00a0 <\/span><\/b>Origin\u00e1 \u0161koda alu disky<\/p>\n<p>6.5&#215;17 et38<\/p>\n<p>5&#215;112<span class=\"Apple-converted-space\">\u00a0<\/span><\/p>\n<p>215 55 R17<span class=\"Apple-converted-space\">\u00a0<\/span><\/p>\n<p>Pneu<span class=\"Apple-converted-space\">\u00a0 <\/span>2x 8 mm NOV\u00c9 2x 6mm Zimn\u00e9<\/p>\n<p>Vhodn\u00e9 pre<span class=\"Apple-converted-space\">\u00a0<\/span><\/p>\n<p>Skoda KAROQ SUPERB<span class=\"Apple-converted-space\">\u00a0<\/span><\/p>\n<p>Seat ATECA<span class=\"Apple-converted-space\">\u00a0<\/span><\/p>\n<p>VW TOURAN<span class=\"Apple-converted-space\">\u00a0 <\/span>PASSAT B8<\/p>\n<p>Mo\u017enos\u0165 posla\u0165 dobierkou, cena dobierky +50\u20ac<span class=\"Apple-converted-space\">\u00a0<\/span><\/p>\n<p>Cena 650\u20ac.<\/p>\n","protected":false},"featured_media":5463,"comment_status":"open","ping_status":"closed","template":"","meta":[],"product_cat":[61,54,52,53],"product_tag":[],"class_list":{"0":"post-5462","1":"product","2":"type-product","3":"status-publish","4":"has-post-thumbnail","6":"product_cat-61","7":"product_cat-seat","8":"product_cat-skoda","9":"product_cat-vw","11":"first","12":"instock","13":"shipping-taxable","14":"purchasable","15":"product-type-simple"},"_links":{"self":[{"href":"https:\/\/www.superkolesa.sk\/index.php\/wp-json\/wp\/v2\/product\/5462","targetHints":{"allow":["GET"]}}],"collection":[{"href":"https:\/\/www.superkolesa.sk\/index.php\/wp-json\/wp\/v2\/product"}],"about":[{"href":"https:\/\/www.superkolesa.sk\/index.php\/wp-json\/wp\/v2\/types\/product"}],"replies":[{"embeddable":true,"href":"https:\/\/www.superkolesa.sk\/index.php\/wp-json\/wp\/v2\/comments?post=5462"}],"wp:featuredmedia":[{"embeddable":true,"href":"https:\/\/www.superkolesa.sk\/index.php\/wp-json\/wp\/v2\/media\/5463"}],"wp:attachment":[{"href":"https:\/\/www.superkolesa.sk\/index.php\/wp-json\/wp\/v2\/media?parent=5462"}],"wp:term":[{"taxonomy":"product_cat","embeddable":true,"href":"https:\/\/www.superkolesa.sk\/index.php\/wp-json\/wp\/v2\/product_cat?post=5462"},{"taxonomy":"product_tag","embeddable":true,"href":"https:\/\/www.superkolesa.sk\/index.php\/wp-json\/wp\/v2\/product_tag?post=5462"}],"curies":[{"name":"wp","href":"https:\/\/api.w.org\/{rel}","templated":true}]}}