{"id":5619,"date":"2024-11-13T20:16:46","date_gmt":"2024-11-13T19:16:46","guid":{"rendered":"https:\/\/www.superkolesa.sk\/?post_type=product&#038;p=5619"},"modified":"2024-11-13T20:16:46","modified_gmt":"2024-11-13T19:16:46","slug":"vw-id-4-id-5-e21-skoda-enyaq-235-55-r19-a-255-50-r19-zimne","status":"publish","type":"product","link":"https:\/\/www.superkolesa.sk\/index.php\/product\/vw-id-4-id-5-e21-skoda-enyaq-235-55-r19-a-255-50-r19-zimne\/","title":{"rendered":"VW ID.4 ID.5 E21 Skoda Enyaq 235 55 R19 a 255 50 R19 Zimn\u00e9"},"content":{"rendered":"","protected":false},"excerpt":{"rendered":"<p><b>Cena 680\u20ac<\/b><\/p>\n<p><b><span class=\"Apple-converted-space\">\u00a0<\/span>2x 8mm 235\/55 R 19<br \/>\n<span class=\"Apple-converted-space\">\u00a0<\/span>2x8mm 255\/50 R 19<\/b><\/p>\n<p><b>5&#215;112<span class=\"Apple-converted-space\">\u00a0<\/span><\/b><\/p>\n<p><b>8j x R19 ET 45<span class=\"Apple-converted-space\">\u00a0<\/span><\/b><\/p>\n<p><b>vhodn\u00e9 pre<\/b><\/p>\n<p><b>VW ID.4 (Typ E21)<br \/>\nVW ID.5 (Typ E21)<\/b><\/p>\n<p><b>Skoda Enyaq<\/b><\/p>\n<p>Skoda Enyaq 50 60 Enyaq 80 80X Enyaq Rs Coupe &#8211; NY<br \/>\nVW ID.4 Pro ID.5 Pro GTX &#8211; E2<\/p>\n<p><b>mo\u017enos\u0165 aj posla\u0165 na dobierku. Cena +50\u20ac<span class=\"Apple-converted-space\">\u00a0<\/span><\/b><\/p>\n<p><b>POZRI V\u0160ETKY MOJE INZERATY A HODNOTENIA V PRAVO DOLE<\/b><\/p>\n<p><b>Alebo daj do vyh\u013eadava\u010da Bazo\u0161u moje tel. \u010d. a uk\u00e1\u017ee v\u0161etky moje ponuky.<\/b><\/p>\n<p><b>Cena 680\u20ac<\/b><\/p>\n","protected":false},"featured_media":5620,"comment_status":"open","ping_status":"closed","template":"","meta":[],"product_cat":[63,54,52,53],"product_tag":[],"class_list":{"0":"post-5619","1":"product","2":"type-product","3":"status-publish","4":"has-post-thumbnail","6":"product_cat-63","7":"product_cat-seat","8":"product_cat-skoda","9":"product_cat-vw","11":"first","12":"instock","13":"shipping-taxable","14":"purchasable","15":"product-type-simple"},"_links":{"self":[{"href":"https:\/\/www.superkolesa.sk\/index.php\/wp-json\/wp\/v2\/product\/5619","targetHints":{"allow":["GET"]}}],"collection":[{"href":"https:\/\/www.superkolesa.sk\/index.php\/wp-json\/wp\/v2\/product"}],"about":[{"href":"https:\/\/www.superkolesa.sk\/index.php\/wp-json\/wp\/v2\/types\/product"}],"replies":[{"embeddable":true,"href":"https:\/\/www.superkolesa.sk\/index.php\/wp-json\/wp\/v2\/comments?post=5619"}],"wp:featuredmedia":[{"embeddable":true,"href":"https:\/\/www.superkolesa.sk\/index.php\/wp-json\/wp\/v2\/media\/5620"}],"wp:attachment":[{"href":"https:\/\/www.superkolesa.sk\/index.php\/wp-json\/wp\/v2\/media?parent=5619"}],"wp:term":[{"taxonomy":"product_cat","embeddable":true,"href":"https:\/\/www.superkolesa.sk\/index.php\/wp-json\/wp\/v2\/product_cat?post=5619"},{"taxonomy":"product_tag","embeddable":true,"href":"https:\/\/www.superkolesa.sk\/index.php\/wp-json\/wp\/v2\/product_tag?post=5619"}],"curies":[{"name":"wp","href":"https:\/\/api.w.org\/{rel}","templated":true}]}}